{"id":1181,"date":"2019-02-28T17:31:35","date_gmt":"2019-02-28T20:31:35","guid":{"rendered":"http:\/\/sopassaros.com.br\/?post_type=product&#038;p=1181"},"modified":"2019-02-28T17:31:35","modified_gmt":"2019-02-28T20:31:35","slug":"avesil-polivitaminico","status":"publish","type":"product","link":"https:\/\/sopassaros.com.br\/index.php\/product\/avesil-polivitaminico\/","title":{"rendered":"AVESIL POLIVITAM\u00cdNICO"},"content":{"rendered":"<p>AVESIL POLIVITAM\u00cdNICO<\/p>\n<p>    Auxiliar no tratamento de peito seco;<br \/>\n    Importante na \u00e9poca da troca de plumagem;<br \/>\n    Melhora a postura e a eclodibilidade;<br \/>\n    Promove o aumento do apetite.<\/p>\n<p>INDICA\u00c7\u00c3O<br \/>\nSuplemento vitam\u00ednico balanceado que atende as necessidades nutricionais dos P\u00e1ssaros. Promove aumento do apetite. Auxilia no ganho de massa muscular, na melhoria da plumagem, na melhoria da postura e da qualidade do ovo. Auxilia no desenvolvimento das aves jovens. Promove melhor vigor f\u00edsico nas aves idosas. Combate \u00e0 desnutri\u00e7\u00e3o.<\/p>\n<p>MODO DE USAR<br \/>\nAdministrar por via oral, dilu\u00eddo na \u00e1gua de beber. Aves menores: 3 a 5 gotas no bebedouro (40 ml). Aves maiores: 5 a 8 gotas no bebedouro (40 ml). Trocar a \u00e1gua diariamente.<\/p>\n<p>F\u00d3RMULA<\/p>\n<p>N\u00cdVEIS DE GARANTIA POR Kg DO PRODUTO:<br \/>\nVitamina A (M\u00edn) 1.200.000 UI\/Kg<br \/>\nVitamina B1(M\u00edn) 5.000 mg\/kg<br \/>\nNicotinamida (M\u00edn) 8.000 mg\/kg<br \/>\nVitamina B6 (M\u00edn) 2.000 mg\/kg<br \/>\nPantotenato de C\u00e1lcio (M\u00edn) 2.000 mg\/kg<br \/>\nVitamina K (M\u00edn) 1.000 mg\/kg<br \/>\nVitamina D (M\u00edn) 800.000 UI\/Kg<br \/>\nVitamina B12 (M\u00edn) 4.800 mcg\/kg<br \/>\nVitamina E (M\u00edn) 5.000 UI\/Kg<\/p>\n<p>Modo de conserva\u00e7\u00e3o:<br \/>\nConservar em local seco, fresco e ao abrigo da luz solar.<\/p>\n<p>APRESENTA\u00c7\u00c3O<\/p>\n<p>Frascos com 30 e 100 mL.<\/p>\n","protected":false},"excerpt":{"rendered":"<p>AVESIL POLIVITAM\u00cdNICO Auxiliar no tratamento de peito seco; Importante na \u00e9poca da troca de plumagem; Melhora a postura e a eclodibilidade; Promove o aumento do apetite. INDICA\u00c7\u00c3O Suplemento vitam\u00ednico balanceado que atende as necessidades nutricionais dos P\u00e1ssaros. Promove aumento do apetite. Auxilia no ganho de massa muscular, na melhoria da plumagem, na melhoria da postura [&hellip;]<\/p>\n","protected":false},"featured_media":1182,"template":"","meta":{"_monsterinsights_skip_tracking":false,"_monsterinsights_sitenote_active":false,"_monsterinsights_sitenote_note":"","_monsterinsights_sitenote_category":0},"product_brand":[],"product_cat":[123,127,129,122],"product_tag":[121,124,125,126,128,130,120],"class_list":{"0":"post-1181","1":"product","2":"type-product","3":"status-publish","4":"has-post-thumbnail","6":"product_cat-medicamento","7":"product_cat-medicamentos","8":"product_cat-passaros","9":"product_cat-suplemento-vitaminico","10":"product_tag-aves","11":"product_tag-calbos","12":"product_tag-laboratorio-box-do-brasil","13":"product_tag-medicamento","14":"product_tag-medicamentos","15":"product_tag-passaros","16":"product_tag-suplemento-vitaminico","18":"first","19":"instock","20":"shipping-taxable","21":"product-type-simple"},"aioseo_notices":[],"_links":{"self":[{"href":"https:\/\/sopassaros.com.br\/index.php\/wp-json\/wp\/v2\/product\/1181","targetHints":{"allow":["GET"]}}],"collection":[{"href":"https:\/\/sopassaros.com.br\/index.php\/wp-json\/wp\/v2\/product"}],"about":[{"href":"https:\/\/sopassaros.com.br\/index.php\/wp-json\/wp\/v2\/types\/product"}],"wp:featuredmedia":[{"embeddable":true,"href":"https:\/\/sopassaros.com.br\/index.php\/wp-json\/wp\/v2\/media\/1182"}],"wp:attachment":[{"href":"https:\/\/sopassaros.com.br\/index.php\/wp-json\/wp\/v2\/media?parent=1181"}],"wp:term":[{"taxonomy":"product_brand","embeddable":true,"href":"https:\/\/sopassaros.com.br\/index.php\/wp-json\/wp\/v2\/product_brand?post=1181"},{"taxonomy":"product_cat","embeddable":true,"href":"https:\/\/sopassaros.com.br\/index.php\/wp-json\/wp\/v2\/product_cat?post=1181"},{"taxonomy":"product_tag","embeddable":true,"href":"https:\/\/sopassaros.com.br\/index.php\/wp-json\/wp\/v2\/product_tag?post=1181"}],"curies":[{"name":"wp","href":"https:\/\/api.w.org\/{rel}","templated":true}]}}