{"id":1198,"date":"2019-03-29T11:23:29","date_gmt":"2019-03-29T14:23:29","guid":{"rendered":"http:\/\/sopassaros.com.br\/?post_type=product&#038;p=1198"},"modified":"2019-03-29T11:23:29","modified_gmt":"2019-03-29T14:23:29","slug":"antec-2-2-2","status":"publish","type":"product","link":"https:\/\/sopassaros.com.br\/index.php\/product\/antec-2-2-2\/","title":{"rendered":"RUBRALAN 5000 INJET\u00c1VEL"},"content":{"rendered":"<section class=\"ui-view-more vip-section-specs main-section \">\n<h2 class=\"main-section__title\">Caracter\u00edsticas<\/h2>\n<div class=\"specs-wrapper\">\n<section class=\"specs-container  specs-primary-specs specs-layout-default u-clearfix\">\n<ul class=\"specs-list specs-list-primary specs-structure-medium\">\n<li class=\"specs-item specs-item-primary\"><strong>Marca<\/strong>3 Cora\u00e7\u00f5es<\/li>\n<li class=\"specs-item specs-item-primary\"><strong>Unidades por pacote<\/strong>1<\/li>\n<li class=\"specs-item specs-item-primary\"><strong>Formato de venda<\/strong>Unidade<\/li>\n<li class=\"specs-item specs-item-primary\"><strong>Modelo<\/strong>&#8230;&#8230;&#8230;&#8230;&#8230;&#8230;&#8230;&#8230;&#8230;&#8230;&#8230;.<\/li>\n<\/ul>\n<\/section>\n<\/div>\n<\/section>\n<section class=\"main-section item-description \">\n<h2 class=\"main-section__title item-description__title\">Descri\u00e7\u00e3o<\/h2>\n<div id=\"description-includes\" class=\"item-description__content \">\n<div class=\"item-description__text\">\n<p>RUBRALAN 5000, \u00danico no mercado composto com Vitaminas do Complexo B, \u00e9 usado no preparo de animais que exigem grandes esfor\u00e7os f\u00edsicos. Indicado para uma r\u00e1pida recupera\u00e7\u00e3o de animais debilitados, al\u00e9m de auxiliar no tratamento de de problemas sangu\u00edneos e neuromusculares.<\/p>\n<p>MODO DE A\u00c7\u00c3O:<br \/>\nRUBRALAN 5000 \u00e9 uma associa\u00e7\u00e3o concentrada de vitaminas do complexo B, essenciais ao equil\u00edbrio hematopoi\u00e9tico, manuten\u00e7\u00e3o do t\u00f4nus neuromuscular, bom desempenho f\u00edsico e org\u00e2nico, normalmente em animais de competi\u00e7\u00e3o.<\/p>\n<p>A vitamina B12, por sua parte, interv\u00e9m na forma\u00e7\u00e3o e matura\u00e7\u00e3o de gl\u00f3bulos vermelhos, t\u00e3o fundamentais para os animais, do metabolismo prot\u00e9ico, glic\u00eddico e lip\u00eddico.<\/p>\n<p>Tem a\u00e7\u00e3o analg\u00e9sica e neuroreguladora, provavelmente por sua atividade tr\u00f3fica sobre o sistema nervoso e, uma certa capacidade desintoxicante que resulta em benef\u00edcio nas intoxica\u00e7\u00f5es end\u00f3genas.<\/p>\n<p>F\u00d3RMULA DO RUBRALAN 5000:<br \/>\nCada 1 mL cont\u00e9m:<br \/>\nVitamina B12 (Min): 5.000 mcg\/kg<br \/>\n\u00c1gua Destilada q.s.p.: 1 mL<\/p>\n<p>Cada 4 mL cont\u00e9m:<br \/>\nVitamina B1 (M\u00edn): 500 mg\/kg<br \/>\nVitamina B6 (Min): 150 mg\/kg<br \/>\n\u00c1gua para injet\u00e1veis: 4 mL<\/p>\n<p>INDICA\u00c7\u00d5ES PRINCIPAIS:<br \/>\nNo tratamento das anemias perniciosas das mol\u00e9stias que causam anemia (piroplasmose, anaplasmose e verminose). Nos estados car\u00eancias das vitaminas B1 e B12. Indicado principalmente ap\u00f3s hemorragias e cirurgias. No tratamento das nevralgias, algias em geral, perturba\u00e7\u00f5es neuromusculares inespec\u00edficas, anorexias e polineurites.<\/p>\n<p>INDICA\u00c7\u00d5ES COMPLEMENTARES:<br \/>\nNo tratamento das miopatias, paraplegias e fadigas musculares. Estimulante leucocit\u00e1rio. Em todos os desequil\u00edbrios hep\u00e1ticos, manuten\u00e7\u00e3o do t\u00f4nus neuromuscular, para um bom desempenho f\u00edsico e org\u00e2nico, normalmente em animais de competi\u00e7\u00e3o.<\/p>\n<p>VIA DE ADMINISTRA\u00c7\u00c3O E MODO DE USAR:<br \/>\nUSO INTERNO \u2013 PARA APLICA\u00c7\u00c3O SUBCUT\u00c2NEA OU INTRAMUSCULAR<br \/>\nPOSOLOGIA<br \/>\nCaninos e felinos\u2026\u2026\u20261 a 2 ml (em dias alternados).<br \/>\nOvinos, Su\u00ednos e Bezerros\u2026\u2026..3 a 5 ml (diariamente)<br \/>\nBovinos e eq\u00fcinos adultos\u2026\u2026\u2026\u2026 5 ml (diariamente).<br \/>\nContinuar o tratamento por at\u00e9 10 dias u a crit\u00e9rio do M\u00e9dico Veterin\u00e1rio.<\/p>\n<p>Obs: As posologias acima podem ser alteradas a crit\u00e9rio do M\u00e9dico Veterin\u00e1rio.<\/p>\n<p>CAR\u00caNCIA:<br \/>\nN\u00e3o apresenta<\/p>\n<p>APRESENTA\u00c7\u00d5ES:<br \/>\nFrascos com 10mL, Ampola de vitamina B12 + Ampola vitaminas B6 e B12<\/p>\n<\/div>\n<\/div>\n<\/section>\n","protected":false},"excerpt":{"rendered":"<p>Caracter\u00edsticas Marca3 Cora\u00e7\u00f5es Unidades por pacote1 Formato de vendaUnidade Modelo&#8230;&#8230;&#8230;&#8230;&#8230;&#8230;&#8230;&#8230;&#8230;&#8230;&#8230;. Descri\u00e7\u00e3o RUBRALAN 5000, \u00danico no mercado composto com Vitaminas do Complexo B, \u00e9 usado no preparo de animais que exigem grandes esfor\u00e7os f\u00edsicos. Indicado para uma r\u00e1pida recupera\u00e7\u00e3o de animais debilitados, al\u00e9m de auxiliar no tratamento de de problemas sangu\u00edneos e neuromusculares. MODO DE A\u00c7\u00c3O: [&hellip;]<\/p>\n","protected":false},"featured_media":1199,"template":"","meta":{"_monsterinsights_skip_tracking":false,"_monsterinsights_sitenote_active":false,"_monsterinsights_sitenote_note":"","_monsterinsights_sitenote_category":0},"product_brand":[],"product_cat":[123,127,122],"product_tag":[139,133,124,138,126,128,135,120],"class_list":{"0":"post-1198","1":"product","2":"type-product","3":"status-publish","4":"has-post-thumbnail","6":"product_cat-medicamento","7":"product_cat-medicamentos","8":"product_cat-suplemento-vitaminico","9":"product_tag-bezerro","10":"product_tag-bovinos","11":"product_tag-calbos","12":"product_tag-gado","13":"product_tag-medicamento","14":"product_tag-medicamentos","15":"product_tag-ovinos","16":"product_tag-suplemento-vitaminico","18":"first","19":"instock","20":"shipping-taxable","21":"product-type-simple"},"aioseo_notices":[],"_links":{"self":[{"href":"https:\/\/sopassaros.com.br\/index.php\/wp-json\/wp\/v2\/product\/1198","targetHints":{"allow":["GET"]}}],"collection":[{"href":"https:\/\/sopassaros.com.br\/index.php\/wp-json\/wp\/v2\/product"}],"about":[{"href":"https:\/\/sopassaros.com.br\/index.php\/wp-json\/wp\/v2\/types\/product"}],"wp:featuredmedia":[{"embeddable":true,"href":"https:\/\/sopassaros.com.br\/index.php\/wp-json\/wp\/v2\/media\/1199"}],"wp:attachment":[{"href":"https:\/\/sopassaros.com.br\/index.php\/wp-json\/wp\/v2\/media?parent=1198"}],"wp:term":[{"taxonomy":"product_brand","embeddable":true,"href":"https:\/\/sopassaros.com.br\/index.php\/wp-json\/wp\/v2\/product_brand?post=1198"},{"taxonomy":"product_cat","embeddable":true,"href":"https:\/\/sopassaros.com.br\/index.php\/wp-json\/wp\/v2\/product_cat?post=1198"},{"taxonomy":"product_tag","embeddable":true,"href":"https:\/\/sopassaros.com.br\/index.php\/wp-json\/wp\/v2\/product_tag?post=1198"}],"curies":[{"name":"wp","href":"https:\/\/api.w.org\/{rel}","templated":true}]}}