{"id":1206,"date":"2019-03-31T09:49:29","date_gmt":"2019-03-31T12:49:29","guid":{"rendered":"http:\/\/sopassaros.com.br\/?post_type=product&#038;p=1206"},"modified":"2019-03-31T09:55:50","modified_gmt":"2019-03-31T12:55:50","slug":"amitraz-125","status":"publish","type":"product","link":"https:\/\/sopassaros.com.br\/index.php\/product\/amitraz-125\/","title":{"rendered":"AMITRAZ 12,5%"},"content":{"rendered":"<div id=\"indicacoes\">\n<h2>Indica\u00e7\u00f5es\u00a0<img decoding=\"async\" style=\"color: #333333; font-family: Roboto, sans-serif; font-size: 14px;\" src=\"http:\/\/indubras.vet.br\/wp-content\/uploads\/2014\/02\/icone-bovinos.png\" \/>\u00a0<img decoding=\"async\" style=\"color: #333333; font-family: Roboto, sans-serif; font-size: 14px;\" src=\"http:\/\/indubras.vet.br\/wp-content\/uploads\/2014\/02\/icone-caes.png\" \/>\u00a0<img decoding=\"async\" style=\"color: #333333; font-family: Roboto, sans-serif; font-size: 14px;\" src=\"http:\/\/indubras.vet.br\/wp-content\/uploads\/2014\/02\/icone-caprinos.png\" \/>\u00a0<img decoding=\"async\" style=\"color: #333333; font-family: Roboto, sans-serif; font-size: 14px;\" src=\"http:\/\/indubras.vet.br\/wp-content\/uploads\/2014\/02\/icone-ovinos1.png\" \/><\/h2>\n<div class=\"limpa\"><\/div>\n<\/div>\n<p>Tratamento de infesta\u00e7\u00f5es por carrapatos do g\u00eanero\u00a0<em>Boophilus<\/em>\u00a0em bovinos, caprinos e ovinos. Em c\u00e3es: tratamento de infesta\u00e7\u00f5es por carrapatos, piolhos e sarna. Em ovinos, combate os ectoparasitas como a sarna e piolhos (<em>Chorioptes, Sarcoptes, Psoroptes<\/em>). O produtos tem a\u00e7\u00e3o sobre todas as fases do ciclo evolutivo dos ectoparasitas (ovos, larvas,ninfas e adultos).<\/p>\n<h2>F\u00f3rmula<\/h2>\n<table width=\"50%\" cellspacing=\"0\" cellpadding=\"0\">\n<tbody>\n<tr>\n<td class=\"cor01\">Amitraz<\/td>\n<td class=\"cor01valor\">(12,5%)<\/td>\n<\/tr>\n<\/tbody>\n<\/table>\n<h2>Modo de usar<\/h2>\n<p><strong>Bovinos:<\/strong>\u00a0Diluir o produtos na propor\u00e7\u00e3o de 1:500 em \u00e1gua (1 parte de AMITRAZ\u00ae12,5% Indubras para 500 partes de \u00e1gua ) conforme tabela abaixo:<\/p>\n<table width=\"50%\" cellspacing=\"0\" cellpadding=\"0\">\n<tbody>\n<tr>\n<td class=\"cor01\">Amitraz<\/td>\n<td class=\"cor01valor\">\u00c1gua<\/td>\n<\/tr>\n<tr>\n<td class=\"cor02\">10mL<\/td>\n<td class=\"cor02valor\">5 litros<\/td>\n<\/tr>\n<tr>\n<td class=\"cor01\">20mL<\/td>\n<td class=\"cor01valor\">10 litros<\/td>\n<\/tr>\n<tr>\n<td class=\"cor02\">30mL<\/td>\n<td class=\"cor02valor\">15 litros<\/td>\n<\/tr>\n<tr>\n<td class=\"cor01\">40mL<\/td>\n<td class=\"cor01valor\">20 litros<\/td>\n<\/tr>\n<tr>\n<td class=\"cor02\">50mL<\/td>\n<td class=\"cor02valor\">25 litros<\/td>\n<\/tr>\n<tr>\n<td class=\"cor01\">100mL<\/td>\n<td class=\"cor01valor\">50 litros<\/td>\n<\/tr>\n<tr>\n<td class=\"cor02\">200mL<\/td>\n<td class=\"cor02valor\">100 litros<\/td>\n<\/tr>\n<tr>\n<td class=\"cor01\">200mL<\/td>\n<td class=\"cor01valor\">500 litros<\/td>\n<\/tr>\n<\/tbody>\n<\/table>\n<p>Aplicar por pulveriza\u00e7\u00e3o, utilizando um pulverizador manual ou motorizado. Cuidar para que o consumo de calda para cada bovino adulto n\u00e3o seja inferior a 5 litros.<\/p>\n<p><strong>C\u00e3es:<\/strong>No controle de carrapatos diluir 10mL de AMITRAZ\u00ae 12,5% Indubras em 5 litros de \u00e1gua (2mL\/litro). Banhar uma vez, repetir ap\u00f3s 3 semanas se necess\u00e1rio.<\/p>\n<p><strong>Sarna Sarc\u00f3ptica:<\/strong>\u00a0diluir 10mL de Amitraz 12,5% Indubras em 5 litros de \u00e1gua (2mL\/litro). Banhar uma vez e se necess\u00e1rio repetir o tratamento 7 a 10 dias depois.<\/p>\n<p><strong>Sarna Demod\u00e9cica:<\/strong>\u00a0aplicar de 3 a 4 banhos de AMITRAZ\u00ae 12,5% Indubras, dilu\u00eddo na propor\u00e7\u00e3o de 10mL em 2,5 litros de \u00e1gua (4mL\/litro), com intervalo de 10 a 14 dias, entre cada aplica\u00e7\u00e3o. Aplicar a mistura no c\u00e3o friccionando bem o pelo, principalmente entre pernas e cauda. Deixar o animal secar a sombra.<\/p>\n<h2>Apresenta\u00e7\u00e3o<\/h2>\n<p>Display contendo 36 frascos de 10mL, display contendo 25 frascos de 20mL, frasco de 20mL e 1000mL.<\/p>\n","protected":false},"excerpt":{"rendered":"<p>Indica\u00e7\u00f5es\u00a0\u00a0\u00a0\u00a0 Tratamento de infesta\u00e7\u00f5es por carrapatos do g\u00eanero\u00a0Boophilus\u00a0em bovinos, caprinos e ovinos. Em c\u00e3es: tratamento de infesta\u00e7\u00f5es por carrapatos, piolhos e sarna. Em ovinos, combate os ectoparasitas como a sarna e piolhos (Chorioptes, Sarcoptes, Psoroptes). O produtos tem a\u00e7\u00e3o sobre todas as fases do ciclo evolutivo dos ectoparasitas (ovos, larvas,ninfas e adultos). F\u00f3rmula Amitraz (12,5%) [&hellip;]<\/p>\n","protected":false},"featured_media":1207,"template":"","meta":{"_monsterinsights_skip_tracking":false,"_monsterinsights_sitenote_active":false,"_monsterinsights_sitenote_note":"","_monsterinsights_sitenote_category":0},"product_brand":[],"product_cat":[89,144,123,127],"product_tag":[145,146,147,141,140,126,128],"class_list":{"0":"post-1206","1":"product","2":"type-product","3":"status-publish","4":"has-post-thumbnail","6":"product_cat-caes","7":"product_cat-carrapaticida","8":"product_cat-medicamento","9":"product_cat-medicamentos","10":"product_tag-bovino","11":"product_tag-caprino","12":"product_tag-carrapaticida","13":"product_tag-cio","14":"product_tag-indulbras","15":"product_tag-medicamento","16":"product_tag-medicamentos","18":"first","19":"instock","20":"shipping-taxable","21":"product-type-simple"},"aioseo_notices":[],"_links":{"self":[{"href":"https:\/\/sopassaros.com.br\/index.php\/wp-json\/wp\/v2\/product\/1206","targetHints":{"allow":["GET"]}}],"collection":[{"href":"https:\/\/sopassaros.com.br\/index.php\/wp-json\/wp\/v2\/product"}],"about":[{"href":"https:\/\/sopassaros.com.br\/index.php\/wp-json\/wp\/v2\/types\/product"}],"wp:featuredmedia":[{"embeddable":true,"href":"https:\/\/sopassaros.com.br\/index.php\/wp-json\/wp\/v2\/media\/1207"}],"wp:attachment":[{"href":"https:\/\/sopassaros.com.br\/index.php\/wp-json\/wp\/v2\/media?parent=1206"}],"wp:term":[{"taxonomy":"product_brand","embeddable":true,"href":"https:\/\/sopassaros.com.br\/index.php\/wp-json\/wp\/v2\/product_brand?post=1206"},{"taxonomy":"product_cat","embeddable":true,"href":"https:\/\/sopassaros.com.br\/index.php\/wp-json\/wp\/v2\/product_cat?post=1206"},{"taxonomy":"product_tag","embeddable":true,"href":"https:\/\/sopassaros.com.br\/index.php\/wp-json\/wp\/v2\/product_tag?post=1206"}],"curies":[{"name":"wp","href":"https:\/\/api.w.org\/{rel}","templated":true}]}}