{"id":1323,"date":"2019-04-14T15:15:25","date_gmt":"2019-04-14T18:15:25","guid":{"rendered":"http:\/\/sopassaros.com.br\/?post_type=product&#038;p=1323"},"modified":"2019-04-14T15:20:48","modified_gmt":"2019-04-14T18:20:48","slug":"pentabiotico-veterinario","status":"publish","type":"product","link":"https:\/\/sopassaros.com.br\/index.php\/product\/pentabiotico-veterinario\/","title":{"rendered":"PENTABI\u00d3TICO VETERIN\u00c1RIO"},"content":{"rendered":"<div class=\"col-md-7 prod-info\">\n<div id=\"productContentformula\" class=\"float description-table \" data-title-modal=\"Formula\">\n<h2>CLASSIFICA\u00c7\u0100O<\/h2>\n<p>Antibi\u00f3tico<\/p>\n<h2>RECEITA<\/h2>\n<p>Receita Simples<\/p>\n<h2>ESP\u00c9CIES<\/h2>\n<p>Bovinos e Equinos<\/p>\n<h2>COMPOSI\u00c7\u00c3O<\/h2>\n<p>Cada frasco-ampola (8,6g) com p\u00f3 cont\u00e9m:<\/p>\n<p>Benzilpenicilina benzatina 3.000,000 UI<\/p>\n<p>Benzilpenicilina proca\u00edna 1.500.000 UI<\/p>\n<p>Benzilpenicilina pot\u00e1ssica 1.500.000 UI<\/p>\n<p>Diidroestreptomicina base (sulfato) 1.250 mg<\/p>\n<p>Estreptomicina base (sulfato) 1.250 mg<\/p>\n<p>Ampola com diluente \u00e1gua destilada est\u00e9ril 15 mL<\/p>\n<h2>INFORMA\u00c7\u00d5ES AO CLIENTE<\/h2>\n<p>Os choque anafil\u00e1ticos em animais devido \u00e0 penicilina s\u00e3o raros, no entanto, o M\u00e9dico Veterin\u00e1rio deve estar atento \u00e0 possibilidade de ocorr\u00eancia.<\/p>\n<h2>ARMAZENAMENTO<\/h2>\n<p>O produto deve ser mantido em sua embalagem original, em temperatura ambiente (15\u00b0C a 30\u00b0C) e protegido da luz solar.<\/p>\n<p>Uma vez preparada a suspens\u00e3o, esta manter\u00e1 a sua pot\u00eancia por at\u00e9 sete dias se guardada em temperatura de 3\u00b0C a 6\u00b0C.<\/p>\n<\/div>\n<\/div>\n","protected":false},"excerpt":{"rendered":"<p>CLASSIFICA\u00c7\u0100O Antibi\u00f3tico RECEITA Receita Simples ESP\u00c9CIES Bovinos e Equinos COMPOSI\u00c7\u00c3O Cada frasco-ampola (8,6g) com p\u00f3 cont\u00e9m: Benzilpenicilina benzatina 3.000,000 UI Benzilpenicilina proca\u00edna 1.500.000 UI Benzilpenicilina pot\u00e1ssica 1.500.000 UI Diidroestreptomicina base (sulfato) 1.250 mg Estreptomicina base (sulfato) 1.250 mg Ampola com diluente \u00e1gua destilada est\u00e9ril 15 mL INFORMA\u00c7\u00d5ES AO CLIENTE Os choque anafil\u00e1ticos em animais devido [&hellip;]<\/p>\n","protected":false},"featured_media":1324,"template":"","meta":{"_monsterinsights_skip_tracking":false,"_monsterinsights_sitenote_active":false,"_monsterinsights_sitenote_note":"","_monsterinsights_sitenote_category":0},"product_brand":[],"product_cat":[131,123,127],"product_tag":[145,132,126,128,186],"class_list":{"0":"post-1323","1":"product","2":"type-product","3":"status-publish","4":"has-post-thumbnail","6":"product_cat-equinos","7":"product_cat-medicamento","8":"product_cat-medicamentos","9":"product_tag-bovino","10":"product_tag-equinos","11":"product_tag-medicamento","12":"product_tag-medicamentos","13":"product_tag-zoetis","15":"first","16":"instock","17":"shipping-taxable","18":"product-type-simple"},"aioseo_notices":[],"_links":{"self":[{"href":"https:\/\/sopassaros.com.br\/index.php\/wp-json\/wp\/v2\/product\/1323","targetHints":{"allow":["GET"]}}],"collection":[{"href":"https:\/\/sopassaros.com.br\/index.php\/wp-json\/wp\/v2\/product"}],"about":[{"href":"https:\/\/sopassaros.com.br\/index.php\/wp-json\/wp\/v2\/types\/product"}],"wp:featuredmedia":[{"embeddable":true,"href":"https:\/\/sopassaros.com.br\/index.php\/wp-json\/wp\/v2\/media\/1324"}],"wp:attachment":[{"href":"https:\/\/sopassaros.com.br\/index.php\/wp-json\/wp\/v2\/media?parent=1323"}],"wp:term":[{"taxonomy":"product_brand","embeddable":true,"href":"https:\/\/sopassaros.com.br\/index.php\/wp-json\/wp\/v2\/product_brand?post=1323"},{"taxonomy":"product_cat","embeddable":true,"href":"https:\/\/sopassaros.com.br\/index.php\/wp-json\/wp\/v2\/product_cat?post=1323"},{"taxonomy":"product_tag","embeddable":true,"href":"https:\/\/sopassaros.com.br\/index.php\/wp-json\/wp\/v2\/product_tag?post=1323"}],"curies":[{"name":"wp","href":"https:\/\/api.w.org\/{rel}","templated":true}]}}