{"id":1544,"date":"2019-06-30T11:26:45","date_gmt":"2019-06-30T14:26:45","guid":{"rendered":"http:\/\/sopassaros.com.br\/?post_type=product&#038;p=1544"},"modified":"2019-06-30T11:28:42","modified_gmt":"2019-06-30T14:28:42","slug":"kellthine-casa-e-jardim-saquinhos-hidrossoluveis","status":"publish","type":"product","link":"https:\/\/sopassaros.com.br\/index.php\/product\/kellthine-casa-e-jardim-saquinhos-hidrossoluveis\/","title":{"rendered":"KELLTHINE CASA E JARDIM \u2013 SAQUINHOS HIDROSSOL\u00daVEIS"},"content":{"rendered":"<p><strong>INDICA\u00c7\u00c3O DE USO<\/strong><\/p>\n<ul class=\"list-praga\">\n<li><a href=\"https:\/\/kelldrin.com.br\/produto\/kellthine-casa-e-jardim\/#\"><img decoding=\"async\" class=\"lazyloaded\" src=\"https:\/\/kelldrin.com.br\/wp-content\/themes\/kelldrin-bmd\/img\/products_pragas\/thumb\/barata.png\" data-lazy-src=\"https:\/\/kelldrin.com.br\/wp-content\/themes\/kelldrin-bmd\/img\/products_pragas\/thumb\/barata.png\" data-was-processed=\"true\" \/>Barata<\/a><\/li>\n<li><a href=\"https:\/\/kelldrin.com.br\/produto\/kellthine-casa-e-jardim\/#\"><img decoding=\"async\" class=\"error\" src=\"https:\/\/kelldrin.com.br\/wp-content\/themes\/kelldrin-bmd\/img\/products_pragas\/thumb\/besouro.png\" data-lazy-src=\"https:\/\/kelldrin.com.br\/wp-content\/themes\/kelldrin-bmd\/img\/products_pragas\/thumb\/besouro.png\" data-was-processed=\"true\" \/>Besouro<\/a><\/li>\n<li><a href=\"https:\/\/kelldrin.com.br\/produto\/kellthine-casa-e-jardim\/#\"><img decoding=\"async\" class=\"error\" src=\"https:\/\/kelldrin.com.br\/wp-content\/themes\/kelldrin-bmd\/img\/products_pragas\/thumb\/cochonilha.png\" data-lazy-src=\"https:\/\/kelldrin.com.br\/wp-content\/themes\/kelldrin-bmd\/img\/products_pragas\/thumb\/cochonilha.png\" data-was-processed=\"true\" \/>Cochonilha<\/a><\/li>\n<li><a href=\"https:\/\/kelldrin.com.br\/produto\/kellthine-casa-e-jardim\/#\"><img decoding=\"async\" class=\"lazyloaded\" src=\"https:\/\/kelldrin.com.br\/wp-content\/themes\/kelldrin-bmd\/img\/products_pragas\/thumb\/escorpiao.png\" data-lazy-src=\"https:\/\/kelldrin.com.br\/wp-content\/themes\/kelldrin-bmd\/img\/products_pragas\/thumb\/escorpiao.png\" data-was-processed=\"true\" \/>Escorpi\u00e3o<\/a><\/li>\n<li><a href=\"https:\/\/kelldrin.com.br\/produto\/kellthine-casa-e-jardim\/#\"><img decoding=\"async\" class=\"lazyloaded\" src=\"https:\/\/kelldrin.com.br\/wp-content\/themes\/kelldrin-bmd\/img\/products_pragas\/thumb\/formiga.png\" data-lazy-src=\"https:\/\/kelldrin.com.br\/wp-content\/themes\/kelldrin-bmd\/img\/products_pragas\/thumb\/formiga.png\" data-was-processed=\"true\" \/>Formiga<\/a><\/li>\n<li><a href=\"https:\/\/kelldrin.com.br\/produto\/kellthine-casa-e-jardim\/#\"><img decoding=\"async\" class=\"lazyloaded\" src=\"https:\/\/kelldrin.com.br\/wp-content\/themes\/kelldrin-bmd\/img\/products_pragas\/thumb\/formiga-cortadeira.png\" data-lazy-src=\"https:\/\/kelldrin.com.br\/wp-content\/themes\/kelldrin-bmd\/img\/products_pragas\/thumb\/formiga-cortadeira.png\" data-was-processed=\"true\" \/>Formiga Cortadeira<\/a><\/li>\n<li><a href=\"https:\/\/kelldrin.com.br\/produto\/kellthine-casa-e-jardim\/#\"><img decoding=\"async\" class=\"error\" src=\"https:\/\/kelldrin.com.br\/wp-content\/themes\/kelldrin-bmd\/img\/products_pragas\/thumb\/lagartas.png\" data-lazy-src=\"https:\/\/kelldrin.com.br\/wp-content\/themes\/kelldrin-bmd\/img\/products_pragas\/thumb\/lagartas.png\" data-was-processed=\"true\" \/>Lagartas<\/a><\/li>\n<li><a href=\"https:\/\/kelldrin.com.br\/produto\/kellthine-casa-e-jardim\/#\"><img decoding=\"async\" class=\"lazyloaded\" src=\"https:\/\/kelldrin.com.br\/wp-content\/themes\/kelldrin-bmd\/img\/products_pragas\/thumb\/mosca.png\" data-lazy-src=\"https:\/\/kelldrin.com.br\/wp-content\/themes\/kelldrin-bmd\/img\/products_pragas\/thumb\/mosca.png\" data-was-processed=\"true\" \/>Mosca<\/a><\/li>\n<li><a href=\"https:\/\/kelldrin.com.br\/produto\/kellthine-casa-e-jardim\/#\"><img decoding=\"async\" class=\"lazyloaded\" src=\"https:\/\/kelldrin.com.br\/wp-content\/themes\/kelldrin-bmd\/img\/products_pragas\/thumb\/mosquito.png\" data-lazy-src=\"https:\/\/kelldrin.com.br\/wp-content\/themes\/kelldrin-bmd\/img\/products_pragas\/thumb\/mosquito.png\" data-was-processed=\"true\" \/>Mosquito<\/a><\/li>\n<li><a href=\"https:\/\/kelldrin.com.br\/produto\/kellthine-casa-e-jardim\/#\"><img decoding=\"async\" class=\"error\" src=\"https:\/\/kelldrin.com.br\/wp-content\/themes\/kelldrin-bmd\/img\/products_pragas\/thumb\/muricoca.png\" data-lazy-src=\"https:\/\/kelldrin.com.br\/wp-content\/themes\/kelldrin-bmd\/img\/products_pragas\/thumb\/muricoca.png\" data-was-processed=\"true\" \/>Muri\u00e7oca<\/a><\/li>\n<li><a href=\"https:\/\/kelldrin.com.br\/produto\/kellthine-casa-e-jardim\/#\"><img decoding=\"async\" class=\"lazyloaded\" src=\"https:\/\/kelldrin.com.br\/wp-content\/themes\/kelldrin-bmd\/img\/products_pragas\/thumb\/pernilongo.png\" data-lazy-src=\"https:\/\/kelldrin.com.br\/wp-content\/themes\/kelldrin-bmd\/img\/products_pragas\/thumb\/pernilongo.png\" data-was-processed=\"true\" \/>Pernilongo<\/a><\/li>\n<li><a href=\"https:\/\/kelldrin.com.br\/produto\/kellthine-casa-e-jardim\/#\"><img decoding=\"async\" class=\"error\" src=\"https:\/\/kelldrin.com.br\/wp-content\/themes\/kelldrin-bmd\/img\/products_pragas\/thumb\/pulgao.png\" data-lazy-src=\"https:\/\/kelldrin.com.br\/wp-content\/themes\/kelldrin-bmd\/img\/products_pragas\/thumb\/pulgao.png\" data-was-processed=\"true\" \/>Pulg\u00e3o<\/a><\/li>\n<\/ul>\n<p><strong>PRINCIO ATIVO:<\/strong><br \/>\nLambda-Cialotrina 10%<\/p>\n<p><strong>INDICA\u00c7\u00c3O:<\/strong><br \/>\nKELLTHINE CASA E JARDIM da KELLDRIN \u00e9 um produto inseticida para jardinagem amadora para uso em dose \u00fanica, elaborado com o ativo lambda-cialotrina. \u00c9 eficaz no controle de escorpi\u00f5es, baratas, pulg\u00f5es cochonilhas, lagartas, formigas doceiras, besouros, moscas e mosquitos da dengue.<\/p>\n<p><strong>DILUI\u00c7\u00c3O:<\/strong><br \/>\n5g para 1Lt de \u00e1gua<\/p>\n<p><strong>APRESENTA\u00c7\u00c3O:<\/strong><br \/>\n20X5X5grs<\/p>\n","protected":false},"excerpt":{"rendered":"<p>INDICA\u00c7\u00c3O DE USO Barata Besouro Cochonilha Escorpi\u00e3o Formiga Formiga Cortadeira Lagartas Mosca Mosquito Muri\u00e7oca Pernilongo Pulg\u00e3o PRINCIO ATIVO: Lambda-Cialotrina 10% INDICA\u00c7\u00c3O: KELLTHINE CASA E JARDIM da KELLDRIN \u00e9 um produto inseticida para jardinagem amadora para uso em dose \u00fanica, elaborado com o ativo lambda-cialotrina. \u00c9 eficaz no controle de escorpi\u00f5es, baratas, pulg\u00f5es cochonilhas, lagartas, formigas [&hellip;]<\/p>\n","protected":false},"featured_media":1545,"template":"","meta":{"_monsterinsights_skip_tracking":false,"_monsterinsights_sitenote_active":false,"_monsterinsights_sitenote_note":"","_monsterinsights_sitenote_category":0},"product_brand":[],"product_cat":[123,127],"product_tag":[272,273,126,128],"class_list":{"0":"post-1544","1":"product","2":"type-product","3":"status-publish","4":"has-post-thumbnail","6":"product_cat-medicamento","7":"product_cat-medicamentos","8":"product_tag-inseticida","9":"product_tag-kelldrin","10":"product_tag-medicamento","11":"product_tag-medicamentos","13":"first","14":"instock","15":"shipping-taxable","16":"product-type-simple"},"aioseo_notices":[],"_links":{"self":[{"href":"https:\/\/sopassaros.com.br\/index.php\/wp-json\/wp\/v2\/product\/1544","targetHints":{"allow":["GET"]}}],"collection":[{"href":"https:\/\/sopassaros.com.br\/index.php\/wp-json\/wp\/v2\/product"}],"about":[{"href":"https:\/\/sopassaros.com.br\/index.php\/wp-json\/wp\/v2\/types\/product"}],"wp:featuredmedia":[{"embeddable":true,"href":"https:\/\/sopassaros.com.br\/index.php\/wp-json\/wp\/v2\/media\/1545"}],"wp:attachment":[{"href":"https:\/\/sopassaros.com.br\/index.php\/wp-json\/wp\/v2\/media?parent=1544"}],"wp:term":[{"taxonomy":"product_brand","embeddable":true,"href":"https:\/\/sopassaros.com.br\/index.php\/wp-json\/wp\/v2\/product_brand?post=1544"},{"taxonomy":"product_cat","embeddable":true,"href":"https:\/\/sopassaros.com.br\/index.php\/wp-json\/wp\/v2\/product_cat?post=1544"},{"taxonomy":"product_tag","embeddable":true,"href":"https:\/\/sopassaros.com.br\/index.php\/wp-json\/wp\/v2\/product_tag?post=1544"}],"curies":[{"name":"wp","href":"https:\/\/api.w.org\/{rel}","templated":true}]}}