{"id":1618,"date":"2019-07-26T12:48:42","date_gmt":"2019-07-26T15:48:42","guid":{"rendered":"http:\/\/sopassaros.com.br\/?post_type=product&#038;p=1618"},"modified":"2019-07-26T12:48:42","modified_gmt":"2019-07-26T15:48:42","slug":"kellthion-500ce","status":"publish","type":"product","link":"https:\/\/sopassaros.com.br\/index.php\/product\/kellthion-500ce\/","title":{"rendered":"KELLTHION 500CE"},"content":{"rendered":"<p><strong>INDICA\u00c7\u00c3O DE USO<\/strong><\/p>\n<ul class=\"list-praga\">\n<li><a href=\"https:\/\/kelldrin.com.br\/produto\/kellthion-500ce\/#\"><img decoding=\"async\" class=\"error\" src=\"https:\/\/kelldrin.com.br\/wp-content\/themes\/kelldrin-bmd\/img\/products_pragas\/thumb\/cochonilha.png\" data-lazy-src=\"https:\/\/kelldrin.com.br\/wp-content\/themes\/kelldrin-bmd\/img\/products_pragas\/thumb\/cochonilha.png\" data-was-processed=\"true\" \/>Cochonilha<\/a><\/li>\n<li><a href=\"https:\/\/kelldrin.com.br\/produto\/kellthion-500ce\/#\"><img decoding=\"async\" class=\"error\" src=\"https:\/\/kelldrin.com.br\/wp-content\/themes\/kelldrin-bmd\/img\/products_pragas\/thumb\/lagartas.png\" data-lazy-src=\"https:\/\/kelldrin.com.br\/wp-content\/themes\/kelldrin-bmd\/img\/products_pragas\/thumb\/lagartas.png\" data-was-processed=\"true\" \/>Lagartas<\/a><\/li>\n<li><a href=\"https:\/\/kelldrin.com.br\/produto\/kellthion-500ce\/#\"><img decoding=\"async\" class=\"lazyloaded\" src=\"https:\/\/kelldrin.com.br\/wp-content\/themes\/kelldrin-bmd\/img\/products_pragas\/thumb\/mosca.png\" data-lazy-src=\"https:\/\/kelldrin.com.br\/wp-content\/themes\/kelldrin-bmd\/img\/products_pragas\/thumb\/mosca.png\" data-was-processed=\"true\" \/>Mosca<\/a><\/li>\n<li><a href=\"https:\/\/kelldrin.com.br\/produto\/kellthion-500ce\/#\"><img decoding=\"async\" class=\"lazyloaded\" src=\"https:\/\/kelldrin.com.br\/wp-content\/themes\/kelldrin-bmd\/img\/products_pragas\/thumb\/mosquito-da-dengue.png\" data-lazy-src=\"https:\/\/kelldrin.com.br\/wp-content\/themes\/kelldrin-bmd\/img\/products_pragas\/thumb\/mosquito-da-dengue.png\" data-was-processed=\"true\" \/>Mosquito da Dengue<\/a><\/li>\n<li><a href=\"https:\/\/kelldrin.com.br\/produto\/kellthion-500ce\/#\"><img decoding=\"async\" class=\"error\" src=\"https:\/\/kelldrin.com.br\/wp-content\/themes\/kelldrin-bmd\/img\/products_pragas\/thumb\/pulgao.png\" data-lazy-src=\"https:\/\/kelldrin.com.br\/wp-content\/themes\/kelldrin-bmd\/img\/products_pragas\/thumb\/pulgao.png\" data-was-processed=\"true\" \/>Pulg\u00e3o<\/a><\/li>\n<\/ul>\n<p><strong>PRINC\u00cdPIO ATIVO:<br \/>\n<\/strong>Malathion.<\/p>\n<p><strong>INDICA\u00c7\u00c3O:<br \/>\n<\/strong>KELLTHION 500 CE \u00e9 recomendada para o controle de pulg\u00f5es, cochonilhas que atacam plantas em vasos e jardins.<\/p>\n<p><strong>MODO DE USAR:<br \/>\n<\/strong>Pulverize bem o KELLTHION 500 CE da KELLDRIN em todas as partes a\u00e9reas das plantas, folhas e caules a cada 15 dias. Mantenha o frasco a uma dist\u00e2ncia de 30cm. Dose de aplica\u00e7\u00e3o 50ml\/m2.<\/p>\n<p><strong>APRESENTA\u00c7\u00c3O:<br \/>\n<\/strong>12x1000ml<br \/>\n25x100ml<\/p>\n","protected":false},"excerpt":{"rendered":"<p>INDICA\u00c7\u00c3O DE USO Cochonilha Lagartas Mosca Mosquito da Dengue Pulg\u00e3o PRINC\u00cdPIO ATIVO: Malathion. INDICA\u00c7\u00c3O: KELLTHION 500 CE \u00e9 recomendada para o controle de pulg\u00f5es, cochonilhas que atacam plantas em vasos e jardins. MODO DE USAR: Pulverize bem o KELLTHION 500 CE da KELLDRIN em todas as partes a\u00e9reas das plantas, folhas e caules a cada [&hellip;]<\/p>\n","protected":false},"featured_media":1619,"template":"","meta":{"_monsterinsights_skip_tracking":false,"_monsterinsights_sitenote_active":false,"_monsterinsights_sitenote_note":"","_monsterinsights_sitenote_category":0},"product_brand":[],"product_cat":[123,127],"product_tag":[272,273],"class_list":{"0":"post-1618","1":"product","2":"type-product","3":"status-publish","4":"has-post-thumbnail","6":"product_cat-medicamento","7":"product_cat-medicamentos","8":"product_tag-inseticida","9":"product_tag-kelldrin","11":"first","12":"instock","13":"shipping-taxable","14":"product-type-simple"},"aioseo_notices":[],"_links":{"self":[{"href":"https:\/\/sopassaros.com.br\/index.php\/wp-json\/wp\/v2\/product\/1618","targetHints":{"allow":["GET"]}}],"collection":[{"href":"https:\/\/sopassaros.com.br\/index.php\/wp-json\/wp\/v2\/product"}],"about":[{"href":"https:\/\/sopassaros.com.br\/index.php\/wp-json\/wp\/v2\/types\/product"}],"wp:featuredmedia":[{"embeddable":true,"href":"https:\/\/sopassaros.com.br\/index.php\/wp-json\/wp\/v2\/media\/1619"}],"wp:attachment":[{"href":"https:\/\/sopassaros.com.br\/index.php\/wp-json\/wp\/v2\/media?parent=1618"}],"wp:term":[{"taxonomy":"product_brand","embeddable":true,"href":"https:\/\/sopassaros.com.br\/index.php\/wp-json\/wp\/v2\/product_brand?post=1618"},{"taxonomy":"product_cat","embeddable":true,"href":"https:\/\/sopassaros.com.br\/index.php\/wp-json\/wp\/v2\/product_cat?post=1618"},{"taxonomy":"product_tag","embeddable":true,"href":"https:\/\/sopassaros.com.br\/index.php\/wp-json\/wp\/v2\/product_tag?post=1618"}],"curies":[{"name":"wp","href":"https:\/\/api.w.org\/{rel}","templated":true}]}}