{"id":1620,"date":"2019-07-29T12:22:55","date_gmt":"2019-07-29T15:22:55","guid":{"rendered":"http:\/\/sopassaros.com.br\/?post_type=product&#038;p=1620"},"modified":"2019-07-29T12:23:58","modified_gmt":"2019-07-29T15:23:58","slug":"cupinicida-zodrin-pronto-uso","status":"publish","type":"product","link":"https:\/\/sopassaros.com.br\/index.php\/product\/cupinicida-zodrin-pronto-uso\/","title":{"rendered":"CUPINICIDA ZODRIN PRONTO USO"},"content":{"rendered":"<p><strong>INDICA\u00c7\u00c3O DE USO<\/strong><\/p>\n<ul class=\"list-praga\">\n<li><a href=\"https:\/\/kelldrin.com.br\/produto\/cupinicida-zodrin-pronto-uso\/#\"><img decoding=\"async\" class=\"lazyloaded\" src=\"https:\/\/kelldrin.com.br\/wp-content\/themes\/kelldrin-bmd\/img\/products_pragas\/thumb\/barata.png\" data-lazy-src=\"https:\/\/kelldrin.com.br\/wp-content\/themes\/kelldrin-bmd\/img\/products_pragas\/thumb\/barata.png\" data-was-processed=\"true\" \/>Barata<\/a><\/li>\n<li><a href=\"https:\/\/kelldrin.com.br\/produto\/cupinicida-zodrin-pronto-uso\/#\"><img decoding=\"async\" class=\"lazyloaded\" src=\"https:\/\/kelldrin.com.br\/wp-content\/themes\/kelldrin-bmd\/img\/products_pragas\/thumb\/cupim.png\" data-lazy-src=\"https:\/\/kelldrin.com.br\/wp-content\/themes\/kelldrin-bmd\/img\/products_pragas\/thumb\/cupim.png\" data-was-processed=\"true\" \/>Cupim<\/a><\/li>\n<li><a href=\"https:\/\/kelldrin.com.br\/produto\/cupinicida-zodrin-pronto-uso\/#\"><img decoding=\"async\" class=\"lazyloaded\" src=\"https:\/\/kelldrin.com.br\/wp-content\/themes\/kelldrin-bmd\/img\/products_pragas\/thumb\/formiga.png\" data-lazy-src=\"https:\/\/kelldrin.com.br\/wp-content\/themes\/kelldrin-bmd\/img\/products_pragas\/thumb\/formiga.png\" data-was-processed=\"true\" \/>Formiga<\/a><\/li>\n<\/ul>\n<p><strong>PRINC\u00cdPIO ATIVO:<br \/>\n<\/strong>Cipermetrina.<\/p>\n<p><strong>INDICA\u00c7\u00c3O:<br \/>\n<\/strong>CUPINICIDA ZODRIN PRONTO PARA USO \u00e9 indicado no combate a cupins, baratas e formigas.<\/p>\n<p><strong>MODO DE USAR:<br \/>\n<\/strong>Efetuar a aplica\u00e7\u00e3o por pulveriza\u00e7\u00e3o do CUPINICIDA ZODRIN PRONTO PARA USO em resid\u00eancias, edif\u00edcios, industrias, galp\u00f5es, escrit\u00f3rios e depend\u00eancias comerciais onde os insetos normalmente s\u00e3o encontrados. Estas \u00e1reas incluem principalmente cantos escuros de arm\u00e1rios e quartos, rodap\u00e9s, rachaduras em paredes, embaixo de balc\u00f5es, atr\u00e1s e debaixo de pias e em volta dos ralos. Aplicar de tal maneira que n\u00e3o sejam contaminados alimentos e caixas de \u00e1gua. Repetir o tratamento se necess\u00e1rio.<\/p>\n<p><strong>APRESENTA\u00c7\u00c3O:<br \/>\n<\/strong>12x500ml<\/p>\n","protected":false},"excerpt":{"rendered":"<p>INDICA\u00c7\u00c3O DE USO Barata Cupim Formiga PRINC\u00cdPIO ATIVO: Cipermetrina. INDICA\u00c7\u00c3O: CUPINICIDA ZODRIN PRONTO PARA USO \u00e9 indicado no combate a cupins, baratas e formigas. MODO DE USAR: Efetuar a aplica\u00e7\u00e3o por pulveriza\u00e7\u00e3o do CUPINICIDA ZODRIN PRONTO PARA USO em resid\u00eancias, edif\u00edcios, industrias, galp\u00f5es, escrit\u00f3rios e depend\u00eancias comerciais onde os insetos normalmente s\u00e3o encontrados. Estas \u00e1reas [&hellip;]<\/p>\n","protected":false},"featured_media":1621,"template":"","meta":{"_monsterinsights_skip_tracking":false,"_monsterinsights_sitenote_active":false,"_monsterinsights_sitenote_note":"","_monsterinsights_sitenote_category":0},"product_brand":[],"product_cat":[123,127],"product_tag":[272,273],"class_list":{"0":"post-1620","1":"product","2":"type-product","3":"status-publish","4":"has-post-thumbnail","6":"product_cat-medicamento","7":"product_cat-medicamentos","8":"product_tag-inseticida","9":"product_tag-kelldrin","11":"first","12":"instock","13":"shipping-taxable","14":"product-type-simple"},"aioseo_notices":[],"_links":{"self":[{"href":"https:\/\/sopassaros.com.br\/index.php\/wp-json\/wp\/v2\/product\/1620","targetHints":{"allow":["GET"]}}],"collection":[{"href":"https:\/\/sopassaros.com.br\/index.php\/wp-json\/wp\/v2\/product"}],"about":[{"href":"https:\/\/sopassaros.com.br\/index.php\/wp-json\/wp\/v2\/types\/product"}],"wp:featuredmedia":[{"embeddable":true,"href":"https:\/\/sopassaros.com.br\/index.php\/wp-json\/wp\/v2\/media\/1621"}],"wp:attachment":[{"href":"https:\/\/sopassaros.com.br\/index.php\/wp-json\/wp\/v2\/media?parent=1620"}],"wp:term":[{"taxonomy":"product_brand","embeddable":true,"href":"https:\/\/sopassaros.com.br\/index.php\/wp-json\/wp\/v2\/product_brand?post=1620"},{"taxonomy":"product_cat","embeddable":true,"href":"https:\/\/sopassaros.com.br\/index.php\/wp-json\/wp\/v2\/product_cat?post=1620"},{"taxonomy":"product_tag","embeddable":true,"href":"https:\/\/sopassaros.com.br\/index.php\/wp-json\/wp\/v2\/product_tag?post=1620"}],"curies":[{"name":"wp","href":"https:\/\/api.w.org\/{rel}","templated":true}]}}