{"id":1634,"date":"2019-07-30T00:45:43","date_gmt":"2019-07-30T03:45:43","guid":{"rendered":"http:\/\/sopassaros.com.br\/?post_type=product&#038;p=1634"},"modified":"2019-07-30T00:45:43","modified_gmt":"2019-07-30T03:45:43","slug":"poderoso-mosquicida-granulado","status":"publish","type":"product","link":"https:\/\/sopassaros.com.br\/index.php\/product\/poderoso-mosquicida-granulado\/","title":{"rendered":"PODEROSO MOSQUICIDA GRANULADO"},"content":{"rendered":"<p><strong>INDICA\u00c7\u00c3O DE USO<\/strong><\/p>\n<ul class=\"list-praga\">\n<li><a href=\"https:\/\/kelldrin.com.br\/produto\/poderoso-mosquicida-granulado\/#\"><img decoding=\"async\" class=\"lazyloaded\" src=\"https:\/\/kelldrin.com.br\/wp-content\/themes\/kelldrin-bmd\/img\/products_pragas\/thumb\/mosca.png\" data-lazy-src=\"https:\/\/kelldrin.com.br\/wp-content\/themes\/kelldrin-bmd\/img\/products_pragas\/thumb\/mosca.png\" data-was-processed=\"true\" \/>Mosca<\/a><\/li>\n<li><a href=\"https:\/\/kelldrin.com.br\/produto\/poderoso-mosquicida-granulado\/#\"><img decoding=\"async\" class=\"lazyloaded\" src=\"https:\/\/kelldrin.com.br\/wp-content\/themes\/kelldrin-bmd\/img\/products_pragas\/thumb\/mosquito.png\" data-lazy-src=\"https:\/\/kelldrin.com.br\/wp-content\/themes\/kelldrin-bmd\/img\/products_pragas\/thumb\/mosquito.png\" data-was-processed=\"true\" \/>Mosquito<\/a><\/li>\n<\/ul>\n<p><strong>PRINC\u00cdPIO ATIVO:<br \/>\n<\/strong>Tiamotexan 1%<\/p>\n<p><strong>INDICA\u00c7\u00c3O:<br \/>\n<\/strong>PODEROSO MOSQUICIDA \u00e9 uma isca granulada com atrativo indicado no controle de moscas dom\u00e9sticas, (Musca domestica L.), com a\u00e7\u00e3o de contato e ingest\u00e3o. Aplica\u00e7\u00e3o em resid\u00eancias, edif\u00edcios p\u00fablicos, ind\u00fastrias, estabelecimentos comerciais, hospitais, restaurantes, dep\u00f3sitos, hot\u00e9is e armaz\u00e9ns.<\/p>\n<p><strong>MODO DE USAR:<br \/>\n<\/strong>Coloque 30g do PODEROSO MOSQUICIDA para 15m2 em recipientes de pl\u00e1stico ou papel\u00e3o (ex: pratinhos descart\u00e1veis), e coloc\u00e1-los nos locais de maior frequ\u00eancia das moscas. Renove a aplica\u00e7\u00e3o quando notar perda de efici\u00eancia. ATEN\u00c7\u00c3O: Sempre fora do alcance de crian\u00e7as e animais dom\u00e9sticos. N\u00e3o aplique em humanos ou animais.<\/p>\n<p><strong>APRESENTA\u00c7\u00c3O:<br \/>\n<\/strong>2x33x30grs<br \/>\n24X2X30GRS (CAIXINHA)<\/p>\n","protected":false},"excerpt":{"rendered":"<p>INDICA\u00c7\u00c3O DE USO Mosca Mosquito PRINC\u00cdPIO ATIVO: Tiamotexan 1% INDICA\u00c7\u00c3O: PODEROSO MOSQUICIDA \u00e9 uma isca granulada com atrativo indicado no controle de moscas dom\u00e9sticas, (Musca domestica L.), com a\u00e7\u00e3o de contato e ingest\u00e3o. Aplica\u00e7\u00e3o em resid\u00eancias, edif\u00edcios p\u00fablicos, ind\u00fastrias, estabelecimentos comerciais, hospitais, restaurantes, dep\u00f3sitos, hot\u00e9is e armaz\u00e9ns. MODO DE USAR: Coloque 30g do PODEROSO MOSQUICIDA [&hellip;]<\/p>\n","protected":false},"featured_media":1635,"template":"","meta":{"_monsterinsights_skip_tracking":false,"_monsterinsights_sitenote_active":false,"_monsterinsights_sitenote_note":"","_monsterinsights_sitenote_category":0},"product_brand":[],"product_cat":[123,127],"product_tag":[272,273],"class_list":{"0":"post-1634","1":"product","2":"type-product","3":"status-publish","4":"has-post-thumbnail","6":"product_cat-medicamento","7":"product_cat-medicamentos","8":"product_tag-inseticida","9":"product_tag-kelldrin","11":"first","12":"instock","13":"shipping-taxable","14":"product-type-simple"},"aioseo_notices":[],"_links":{"self":[{"href":"https:\/\/sopassaros.com.br\/index.php\/wp-json\/wp\/v2\/product\/1634","targetHints":{"allow":["GET"]}}],"collection":[{"href":"https:\/\/sopassaros.com.br\/index.php\/wp-json\/wp\/v2\/product"}],"about":[{"href":"https:\/\/sopassaros.com.br\/index.php\/wp-json\/wp\/v2\/types\/product"}],"wp:featuredmedia":[{"embeddable":true,"href":"https:\/\/sopassaros.com.br\/index.php\/wp-json\/wp\/v2\/media\/1635"}],"wp:attachment":[{"href":"https:\/\/sopassaros.com.br\/index.php\/wp-json\/wp\/v2\/media?parent=1634"}],"wp:term":[{"taxonomy":"product_brand","embeddable":true,"href":"https:\/\/sopassaros.com.br\/index.php\/wp-json\/wp\/v2\/product_brand?post=1634"},{"taxonomy":"product_cat","embeddable":true,"href":"https:\/\/sopassaros.com.br\/index.php\/wp-json\/wp\/v2\/product_cat?post=1634"},{"taxonomy":"product_tag","embeddable":true,"href":"https:\/\/sopassaros.com.br\/index.php\/wp-json\/wp\/v2\/product_tag?post=1634"}],"curies":[{"name":"wp","href":"https:\/\/api.w.org\/{rel}","templated":true}]}}