{"id":1649,"date":"2019-08-06T09:22:11","date_gmt":"2019-08-06T12:22:11","guid":{"rendered":"http:\/\/sopassaros.com.br\/?post_type=product&#038;p=1649"},"modified":"2019-08-06T09:24:45","modified_gmt":"2019-08-06T12:24:45","slug":"iscanill","status":"publish","type":"product","link":"https:\/\/sopassaros.com.br\/index.php\/product\/iscanill\/","title":{"rendered":"ISCANILL"},"content":{"rendered":"<h2>ISCANILL<\/h2>\n<p><strong>INDICA\u00c7\u00c3O DE USO<\/strong><\/p>\n<ul class=\"list-praga\">\n<li><a href=\"https:\/\/kelldrin.com.br\/produto\/iscanill\/#\"><img decoding=\"async\" class=\"lazyloaded\" src=\"https:\/\/kelldrin.com.br\/wp-content\/themes\/kelldrin-bmd\/img\/products_pragas\/thumb\/formiga-cortadeira.png\" data-lazy-src=\"https:\/\/kelldrin.com.br\/wp-content\/themes\/kelldrin-bmd\/img\/products_pragas\/thumb\/formiga-cortadeira.png\" data-was-processed=\"true\" \/>Formiga Cortadeira<\/a><\/li>\n<\/ul>\n<p><strong>PRINC\u00cdPIO ATIVO:<br \/>\n<\/strong>Fipronil.<\/p>\n<p><strong>INDICA\u00c7\u00c3O:<br \/>\n<\/strong>ISCANILL FORMICIDA ISCA GRANULADA\u00a0 \u00e9 indicada para o combate de formigas (sa\u00favas e quenqu\u00e9ns).<\/p>\n<p><strong>MODO DE USAR:<br \/>\n<\/strong>Aplicar o ISCANILL FORMICIDA ISCA GRANULADA diretamente da embalagem sem contato manual, colocar a isca paralelo ao caminho das formigas usando 10g\/m2. Aplicar em lugares secos. Aplicar quando as formigas estiverem em atividade mais intensa (predominante no in\u00edcio da manh\u00e3 e no final da tarde).<\/p>\n<p>Aplicar em qualquer \u00e9poca em locais secos protegidos da umidade, com porta-iscas ou cobri-las com algum tipo de material (ex. Telha).<\/p>\n<p>As iscas ser\u00e3o carregadas para a sua col\u00f4nia ocorrendo o exterm\u00ednio da mesma.<\/p>\n<p>Obs: N\u00e3o aplicar o produto em dias chuvosos ou com pren\u00fancio de chuvas.<\/p>\n<p><strong>APRESENTA\u00c7\u00c3O:<br \/>\n<\/strong>40x10x50grs<br \/>\n24X4X50GRS (CAIXINHA)<\/p>\n","protected":false},"excerpt":{"rendered":"<p>ISCANILL INDICA\u00c7\u00c3O DE USO Formiga Cortadeira PRINC\u00cdPIO ATIVO: Fipronil. INDICA\u00c7\u00c3O: ISCANILL FORMICIDA ISCA GRANULADA\u00a0 \u00e9 indicada para o combate de formigas (sa\u00favas e quenqu\u00e9ns). MODO DE USAR: Aplicar o ISCANILL FORMICIDA ISCA GRANULADA diretamente da embalagem sem contato manual, colocar a isca paralelo ao caminho das formigas usando 10g\/m2. Aplicar em lugares secos. Aplicar quando [&hellip;]<\/p>\n","protected":false},"featured_media":1652,"template":"","meta":{"_monsterinsights_skip_tracking":false,"_monsterinsights_sitenote_active":false,"_monsterinsights_sitenote_note":"","_monsterinsights_sitenote_category":0},"product_brand":[],"product_cat":[123,127],"product_tag":[273],"class_list":{"0":"post-1649","1":"product","2":"type-product","3":"status-publish","4":"has-post-thumbnail","6":"product_cat-medicamento","7":"product_cat-medicamentos","8":"product_tag-kelldrin","10":"first","11":"instock","12":"shipping-taxable","13":"product-type-simple"},"aioseo_notices":[],"_links":{"self":[{"href":"https:\/\/sopassaros.com.br\/index.php\/wp-json\/wp\/v2\/product\/1649","targetHints":{"allow":["GET"]}}],"collection":[{"href":"https:\/\/sopassaros.com.br\/index.php\/wp-json\/wp\/v2\/product"}],"about":[{"href":"https:\/\/sopassaros.com.br\/index.php\/wp-json\/wp\/v2\/types\/product"}],"wp:featuredmedia":[{"embeddable":true,"href":"https:\/\/sopassaros.com.br\/index.php\/wp-json\/wp\/v2\/media\/1652"}],"wp:attachment":[{"href":"https:\/\/sopassaros.com.br\/index.php\/wp-json\/wp\/v2\/media?parent=1649"}],"wp:term":[{"taxonomy":"product_brand","embeddable":true,"href":"https:\/\/sopassaros.com.br\/index.php\/wp-json\/wp\/v2\/product_brand?post=1649"},{"taxonomy":"product_cat","embeddable":true,"href":"https:\/\/sopassaros.com.br\/index.php\/wp-json\/wp\/v2\/product_cat?post=1649"},{"taxonomy":"product_tag","embeddable":true,"href":"https:\/\/sopassaros.com.br\/index.php\/wp-json\/wp\/v2\/product_tag?post=1649"}],"curies":[{"name":"wp","href":"https:\/\/api.w.org\/{rel}","templated":true}]}}