{"id":1669,"date":"2019-08-12T09:41:38","date_gmt":"2019-08-12T12:41:38","guid":{"rendered":"http:\/\/sopassaros.com.br\/?post_type=product&#038;p=1669"},"modified":"2019-08-12T09:46:13","modified_gmt":"2019-08-12T12:46:13","slug":"matt-pulgoes","status":"publish","type":"product","link":"https:\/\/sopassaros.com.br\/index.php\/product\/matt-pulgoes\/","title":{"rendered":"MATT PULG\u00d5ES"},"content":{"rendered":"<p><strong>INDICA\u00c7\u00c3O DE USO<\/strong><\/p>\n<ul class=\"list-praga\">\n<li><a href=\"https:\/\/kelldrin.com.br\/produto\/matt-pulgoes\/#\"><img decoding=\"async\" class=\"lazyloaded\" src=\"https:\/\/kelldrin.com.br\/wp-content\/themes\/kelldrin-bmd\/img\/products_pragas\/thumb\/mosquito-da-dengue.png\" data-lazy-src=\"https:\/\/kelldrin.com.br\/wp-content\/themes\/kelldrin-bmd\/img\/products_pragas\/thumb\/mosquito-da-dengue.png\" data-was-processed=\"true\" \/>Mosquito da Dengue<\/a><\/li>\n<li><a href=\"https:\/\/kelldrin.com.br\/produto\/matt-pulgoes\/#\"><img decoding=\"async\" class=\"error\" src=\"https:\/\/kelldrin.com.br\/wp-content\/themes\/kelldrin-bmd\/img\/products_pragas\/thumb\/pulgao.png\" data-lazy-src=\"https:\/\/kelldrin.com.br\/wp-content\/themes\/kelldrin-bmd\/img\/products_pragas\/thumb\/pulgao.png\" data-was-processed=\"true\" \/>Pulg\u00e3o<\/a><\/li>\n<\/ul>\n<p><strong>PRINC\u00cdPIO ATIVO:<\/strong><br \/>\nDeltametrina.<\/p>\n<p><strong>INDICA\u00c7\u00c3O:<\/strong><br \/>\nMATT PULG\u00d5ES \u00e9 indicado para o controle de pulg\u00f5es.<\/p>\n<p><strong>MODO DE USAR:<\/strong><br \/>\nDiluir 10grs em 1 litro de agua.<\/p>\n<p><strong>APRESENTA\u00c7\u00c3O:<\/strong><br \/>\n2x100x10grs<\/p>\n<p>24x5x10g<\/p>\n","protected":false},"excerpt":{"rendered":"<p>INDICA\u00c7\u00c3O DE USO Mosquito da Dengue Pulg\u00e3o PRINC\u00cdPIO ATIVO: Deltametrina. INDICA\u00c7\u00c3O: MATT PULG\u00d5ES \u00e9 indicado para o controle de pulg\u00f5es. MODO DE USAR: Diluir 10grs em 1 litro de agua. APRESENTA\u00c7\u00c3O: 2x100x10grs 24x5x10g<\/p>\n","protected":false},"featured_media":1670,"template":"","meta":{"_monsterinsights_skip_tracking":false,"_monsterinsights_sitenote_active":false,"_monsterinsights_sitenote_note":"","_monsterinsights_sitenote_category":0},"product_brand":[],"product_cat":[123,127],"product_tag":[273],"class_list":{"0":"post-1669","1":"product","2":"type-product","3":"status-publish","4":"has-post-thumbnail","6":"product_cat-medicamento","7":"product_cat-medicamentos","8":"product_tag-kelldrin","10":"first","11":"instock","12":"shipping-taxable","13":"product-type-simple"},"aioseo_notices":[],"_links":{"self":[{"href":"https:\/\/sopassaros.com.br\/index.php\/wp-json\/wp\/v2\/product\/1669","targetHints":{"allow":["GET"]}}],"collection":[{"href":"https:\/\/sopassaros.com.br\/index.php\/wp-json\/wp\/v2\/product"}],"about":[{"href":"https:\/\/sopassaros.com.br\/index.php\/wp-json\/wp\/v2\/types\/product"}],"wp:featuredmedia":[{"embeddable":true,"href":"https:\/\/sopassaros.com.br\/index.php\/wp-json\/wp\/v2\/media\/1670"}],"wp:attachment":[{"href":"https:\/\/sopassaros.com.br\/index.php\/wp-json\/wp\/v2\/media?parent=1669"}],"wp:term":[{"taxonomy":"product_brand","embeddable":true,"href":"https:\/\/sopassaros.com.br\/index.php\/wp-json\/wp\/v2\/product_brand?post=1669"},{"taxonomy":"product_cat","embeddable":true,"href":"https:\/\/sopassaros.com.br\/index.php\/wp-json\/wp\/v2\/product_cat?post=1669"},{"taxonomy":"product_tag","embeddable":true,"href":"https:\/\/sopassaros.com.br\/index.php\/wp-json\/wp\/v2\/product_tag?post=1669"}],"curies":[{"name":"wp","href":"https:\/\/api.w.org\/{rel}","templated":true}]}}