{"id":1671,"date":"2019-08-12T10:04:26","date_gmt":"2019-08-12T13:04:26","guid":{"rendered":"http:\/\/sopassaros.com.br\/?post_type=product&#038;p=1671"},"modified":"2019-08-12T10:04:26","modified_gmt":"2019-08-12T13:04:26","slug":"matt-pulgoes-pronto-uso","status":"publish","type":"product","link":"https:\/\/sopassaros.com.br\/index.php\/product\/matt-pulgoes-pronto-uso\/","title":{"rendered":"MATT PULG\u00d5ES PRONTO USO"},"content":{"rendered":"<p><strong>INDICA\u00c7\u00c3O DE USO<\/strong><\/p>\n<ul class=\"list-praga\">\n<li><a href=\"https:\/\/kelldrin.com.br\/produto\/matt-pulgoes-pronto-uso\/#\"><img decoding=\"async\" class=\"error\" src=\"https:\/\/kelldrin.com.br\/wp-content\/themes\/kelldrin-bmd\/img\/products_pragas\/thumb\/cochonilha.png\" data-lazy-src=\"https:\/\/kelldrin.com.br\/wp-content\/themes\/kelldrin-bmd\/img\/products_pragas\/thumb\/cochonilha.png\" data-was-processed=\"true\" \/>Cochonilha<\/a><\/li>\n<li><a href=\"https:\/\/kelldrin.com.br\/produto\/matt-pulgoes-pronto-uso\/#\"><img decoding=\"async\" class=\"error\" src=\"https:\/\/kelldrin.com.br\/wp-content\/themes\/kelldrin-bmd\/img\/products_pragas\/thumb\/pulgao.png\" data-lazy-src=\"https:\/\/kelldrin.com.br\/wp-content\/themes\/kelldrin-bmd\/img\/products_pragas\/thumb\/pulgao.png\" data-was-processed=\"true\" \/>Pulg\u00e3o<\/a><\/li>\n<\/ul>\n<p><strong>PRINC\u00cdPIO ATIVO:<br \/>\n<\/strong>Malathion.<\/p>\n<p><strong>INDICA\u00c7\u00c3O:<br \/>\n<\/strong>MATT PULG\u00d5ES pronto para uso \u00e9 indicado para o controle de pulg\u00f5es e conchonilhas.<\/p>\n<p><strong>MODO DE USAR:<br \/>\n<\/strong>Pulverize bem todas as partes a\u00e9reas das plantas, folhas e caule a cada 15 dias. Mantenha o frasco a uma dist\u00e2ncia de 30cm.<\/p>\n<p><strong>APRESENTA\u00c7\u00c3O:<br \/>\n<\/strong>Caixa com 12 frascos de 500ml.<\/p>\n","protected":false},"excerpt":{"rendered":"<p>INDICA\u00c7\u00c3O DE USO Cochonilha Pulg\u00e3o PRINC\u00cdPIO ATIVO: Malathion. INDICA\u00c7\u00c3O: MATT PULG\u00d5ES pronto para uso \u00e9 indicado para o controle de pulg\u00f5es e conchonilhas. MODO DE USAR: Pulverize bem todas as partes a\u00e9reas das plantas, folhas e caule a cada 15 dias. Mantenha o frasco a uma dist\u00e2ncia de 30cm. APRESENTA\u00c7\u00c3O: Caixa com 12 frascos de [&hellip;]<\/p>\n","protected":false},"featured_media":1672,"template":"","meta":{"_monsterinsights_skip_tracking":false,"_monsterinsights_sitenote_active":false,"_monsterinsights_sitenote_note":"","_monsterinsights_sitenote_category":0},"product_brand":[],"product_cat":[123,127],"product_tag":[273],"class_list":{"0":"post-1671","1":"product","2":"type-product","3":"status-publish","4":"has-post-thumbnail","6":"product_cat-medicamento","7":"product_cat-medicamentos","8":"product_tag-kelldrin","10":"first","11":"instock","12":"shipping-taxable","13":"product-type-simple"},"aioseo_notices":[],"_links":{"self":[{"href":"https:\/\/sopassaros.com.br\/index.php\/wp-json\/wp\/v2\/product\/1671","targetHints":{"allow":["GET"]}}],"collection":[{"href":"https:\/\/sopassaros.com.br\/index.php\/wp-json\/wp\/v2\/product"}],"about":[{"href":"https:\/\/sopassaros.com.br\/index.php\/wp-json\/wp\/v2\/types\/product"}],"wp:featuredmedia":[{"embeddable":true,"href":"https:\/\/sopassaros.com.br\/index.php\/wp-json\/wp\/v2\/media\/1672"}],"wp:attachment":[{"href":"https:\/\/sopassaros.com.br\/index.php\/wp-json\/wp\/v2\/media?parent=1671"}],"wp:term":[{"taxonomy":"product_brand","embeddable":true,"href":"https:\/\/sopassaros.com.br\/index.php\/wp-json\/wp\/v2\/product_brand?post=1671"},{"taxonomy":"product_cat","embeddable":true,"href":"https:\/\/sopassaros.com.br\/index.php\/wp-json\/wp\/v2\/product_cat?post=1671"},{"taxonomy":"product_tag","embeddable":true,"href":"https:\/\/sopassaros.com.br\/index.php\/wp-json\/wp\/v2\/product_tag?post=1671"}],"curies":[{"name":"wp","href":"https:\/\/api.w.org\/{rel}","templated":true}]}}