{"id":1687,"date":"2019-08-12T10:58:54","date_gmt":"2019-08-12T13:58:54","guid":{"rendered":"http:\/\/sopassaros.com.br\/?post_type=product&#038;p=1687"},"modified":"2019-08-12T10:58:54","modified_gmt":"2019-08-12T13:58:54","slug":"kell-lub-antiferrugem","status":"publish","type":"product","link":"https:\/\/sopassaros.com.br\/index.php\/product\/kell-lub-antiferrugem\/","title":{"rendered":"KELL-LUB ANTIFERRUGEM"},"content":{"rendered":"<p><strong>INDICA\u00c7\u00c3O:<\/strong><br \/>\nKELL-LUB ANTIFERRUGEM \u00e9 indicado no carro a onde solta todas as partes emperradas como porcas, parafusos, elimina rangidos dos pedais, portas e cap\u00f4s, al\u00e9m de repelir a agua do distribuidor.<\/p>\n<p>Voc\u00ea tamb\u00e9m pode usar em casa, escrit\u00f3rio, ind\u00fastria e lazer, desengripa todos os aparelhos eletrodom\u00e9sticos, motores, esteiras rolantes, motocicletas, jet ski, skates, armas, fechaduras, dobradi\u00e7as, maquinas de costura, maquinas de escrever, bicicletas, etc.<\/p>\n<p><strong>MODO DE USAR:<\/strong><br \/>\nAgite bem antes de usar, aplique o produto na superf\u00edcie desejada direcionando o jato, em locais de dif\u00edcil acesso utilize o prolongador.<\/p>\n<p><strong>APRESENTA\u00c7\u00c3O:<\/strong><br \/>\n12x300ml<\/p>\n","protected":false},"excerpt":{"rendered":"<p>INDICA\u00c7\u00c3O: KELL-LUB ANTIFERRUGEM \u00e9 indicado no carro a onde solta todas as partes emperradas como porcas, parafusos, elimina rangidos dos pedais, portas e cap\u00f4s, al\u00e9m de repelir a agua do distribuidor. Voc\u00ea tamb\u00e9m pode usar em casa, escrit\u00f3rio, ind\u00fastria e lazer, desengripa todos os aparelhos eletrodom\u00e9sticos, motores, esteiras rolantes, motocicletas, jet ski, skates, armas, fechaduras, [&hellip;]<\/p>\n","protected":false},"featured_media":1688,"template":"","meta":{"_monsterinsights_skip_tracking":false,"_monsterinsights_sitenote_active":false,"_monsterinsights_sitenote_note":"","_monsterinsights_sitenote_category":0},"product_brand":[],"product_cat":[123,127],"product_tag":[273],"class_list":{"0":"post-1687","1":"product","2":"type-product","3":"status-publish","4":"has-post-thumbnail","6":"product_cat-medicamento","7":"product_cat-medicamentos","8":"product_tag-kelldrin","10":"first","11":"instock","12":"shipping-taxable","13":"product-type-simple"},"aioseo_notices":[],"_links":{"self":[{"href":"https:\/\/sopassaros.com.br\/index.php\/wp-json\/wp\/v2\/product\/1687","targetHints":{"allow":["GET"]}}],"collection":[{"href":"https:\/\/sopassaros.com.br\/index.php\/wp-json\/wp\/v2\/product"}],"about":[{"href":"https:\/\/sopassaros.com.br\/index.php\/wp-json\/wp\/v2\/types\/product"}],"wp:featuredmedia":[{"embeddable":true,"href":"https:\/\/sopassaros.com.br\/index.php\/wp-json\/wp\/v2\/media\/1688"}],"wp:attachment":[{"href":"https:\/\/sopassaros.com.br\/index.php\/wp-json\/wp\/v2\/media?parent=1687"}],"wp:term":[{"taxonomy":"product_brand","embeddable":true,"href":"https:\/\/sopassaros.com.br\/index.php\/wp-json\/wp\/v2\/product_brand?post=1687"},{"taxonomy":"product_cat","embeddable":true,"href":"https:\/\/sopassaros.com.br\/index.php\/wp-json\/wp\/v2\/product_cat?post=1687"},{"taxonomy":"product_tag","embeddable":true,"href":"https:\/\/sopassaros.com.br\/index.php\/wp-json\/wp\/v2\/product_tag?post=1687"}],"curies":[{"name":"wp","href":"https:\/\/api.w.org\/{rel}","templated":true}]}}