{"id":1754,"date":"2019-09-04T22:38:20","date_gmt":"2019-09-05T01:38:20","guid":{"rendered":"http:\/\/sopassaros.com.br\/?post_type=product&#038;p=1754"},"modified":"2019-09-04T22:38:20","modified_gmt":"2019-09-05T01:38:20","slug":"fortcanis-plus","status":"publish","type":"product","link":"https:\/\/sopassaros.com.br\/index.php\/product\/fortcanis-plus\/","title":{"rendered":"FortCanis Plus"},"content":{"rendered":"<h6 class=\"font_6\">Suplemento vitam\u00ednico, mineral e amino\u00e1cido, para c\u00e3es<br \/>\ne gatos em crescimento, como estimulante de apetite,<br \/>\nem anemias, para melhorar a performance, em casos de<br \/>\nrecupera\u00e7\u00e3o de doen\u00e7as, uso de quimioter\u00e1picos a longo<br \/>\nprazo ou em animais prenhes ou em fase de lacta\u00e7\u00e3o.<br \/>\nAtua como auxiliar no tratamento da Erliquiose.<br \/>\nPOSOLOGIA: Administrado por via oral, diretamente na boca do<br \/>\nanimal. Fornecer 0,5mL por kg de peso ou 5 gotas por kg de peso,<br \/>\n2 vezes ao dia at\u00e9 a dosagem m\u00e1xima de 10mL ao dia, ou a crit\u00e9rio<br \/>\ndo M\u00e9dico Veterin\u00e1rio.<\/h6>\n","protected":false},"excerpt":{"rendered":"<p>Suplemento vitam\u00ednico, mineral e amino\u00e1cido, para c\u00e3es e gatos em crescimento, como estimulante de apetite, em anemias, para melhorar a performance, em casos de recupera\u00e7\u00e3o de doen\u00e7as, uso de quimioter\u00e1picos a longo prazo ou em animais prenhes ou em fase de lacta\u00e7\u00e3o. Atua como auxiliar no tratamento da Erliquiose. POSOLOGIA: Administrado por via oral, diretamente [&hellip;]<\/p>\n","protected":false},"featured_media":1755,"template":"","meta":{"_monsterinsights_skip_tracking":false,"_monsterinsights_sitenote_active":false,"_monsterinsights_sitenote_note":"","_monsterinsights_sitenote_category":0},"product_brand":[],"product_cat":[89,84,123,127],"product_tag":[90,126,319],"class_list":{"0":"post-1754","1":"product","2":"type-product","3":"status-publish","4":"has-post-thumbnail","6":"product_cat-caes","7":"product_cat-gatos","8":"product_cat-medicamento","9":"product_cat-medicamentos","10":"product_tag-caes","11":"product_tag-medicamento","12":"product_tag-provets","14":"first","15":"instock","16":"shipping-taxable","17":"product-type-simple"},"aioseo_notices":[],"_links":{"self":[{"href":"https:\/\/sopassaros.com.br\/index.php\/wp-json\/wp\/v2\/product\/1754","targetHints":{"allow":["GET"]}}],"collection":[{"href":"https:\/\/sopassaros.com.br\/index.php\/wp-json\/wp\/v2\/product"}],"about":[{"href":"https:\/\/sopassaros.com.br\/index.php\/wp-json\/wp\/v2\/types\/product"}],"wp:featuredmedia":[{"embeddable":true,"href":"https:\/\/sopassaros.com.br\/index.php\/wp-json\/wp\/v2\/media\/1755"}],"wp:attachment":[{"href":"https:\/\/sopassaros.com.br\/index.php\/wp-json\/wp\/v2\/media?parent=1754"}],"wp:term":[{"taxonomy":"product_brand","embeddable":true,"href":"https:\/\/sopassaros.com.br\/index.php\/wp-json\/wp\/v2\/product_brand?post=1754"},{"taxonomy":"product_cat","embeddable":true,"href":"https:\/\/sopassaros.com.br\/index.php\/wp-json\/wp\/v2\/product_cat?post=1754"},{"taxonomy":"product_tag","embeddable":true,"href":"https:\/\/sopassaros.com.br\/index.php\/wp-json\/wp\/v2\/product_tag?post=1754"}],"curies":[{"name":"wp","href":"https:\/\/api.w.org\/{rel}","templated":true}]}}