{"id":1803,"date":"2019-09-23T22:54:24","date_gmt":"2019-09-24T01:54:24","guid":{"rendered":"http:\/\/sopassaros.com.br\/?post_type=product&#038;p=1803"},"modified":"2024-03-20T07:16:46","modified_gmt":"2024-03-20T10:16:46","slug":"colirio-veterinario-simoes","status":"publish","type":"product","link":"https:\/\/sopassaros.com.br\/index.php\/product\/colirio-veterinario-simoes\/","title":{"rendered":"Col\u00edrio Veterin\u00e1rio Sim\u00f5es"},"content":{"rendered":"<h6 class=\"font_6\">Indicado para c\u00e3es e gatos, no tratamento auxiliar das oftalmias com inflama\u00e7\u00f5es e irrita\u00e7\u00f5es dos olhos, bem como conjuntivites catarrais agudas ou cr\u00f4nicas.<\/h6>\n","protected":false},"excerpt":{"rendered":"<p>Indicado para c\u00e3es e gatos, no tratamento auxiliar das oftalmias com inflama\u00e7\u00f5es e irrita\u00e7\u00f5es dos olhos, bem como conjuntivites catarrais agudas ou cr\u00f4nicas.<\/p>\n","protected":false},"featured_media":1804,"template":"","meta":{"_monsterinsights_skip_tracking":false,"_monsterinsights_sitenote_active":false,"_monsterinsights_sitenote_note":"","_monsterinsights_sitenote_category":0},"product_brand":[],"product_cat":[89,84,123,127],"product_tag":[126,319],"class_list":{"0":"post-1803","1":"product","2":"type-product","3":"status-publish","4":"has-post-thumbnail","6":"product_cat-caes","7":"product_cat-gatos","8":"product_cat-medicamento","9":"product_cat-medicamentos","10":"product_tag-medicamento","11":"product_tag-provets","13":"first","14":"instock","15":"shipping-taxable","16":"product-type-simple"},"aioseo_notices":[],"_links":{"self":[{"href":"https:\/\/sopassaros.com.br\/index.php\/wp-json\/wp\/v2\/product\/1803","targetHints":{"allow":["GET"]}}],"collection":[{"href":"https:\/\/sopassaros.com.br\/index.php\/wp-json\/wp\/v2\/product"}],"about":[{"href":"https:\/\/sopassaros.com.br\/index.php\/wp-json\/wp\/v2\/types\/product"}],"wp:featuredmedia":[{"embeddable":true,"href":"https:\/\/sopassaros.com.br\/index.php\/wp-json\/wp\/v2\/media\/1804"}],"wp:attachment":[{"href":"https:\/\/sopassaros.com.br\/index.php\/wp-json\/wp\/v2\/media?parent=1803"}],"wp:term":[{"taxonomy":"product_brand","embeddable":true,"href":"https:\/\/sopassaros.com.br\/index.php\/wp-json\/wp\/v2\/product_brand?post=1803"},{"taxonomy":"product_cat","embeddable":true,"href":"https:\/\/sopassaros.com.br\/index.php\/wp-json\/wp\/v2\/product_cat?post=1803"},{"taxonomy":"product_tag","embeddable":true,"href":"https:\/\/sopassaros.com.br\/index.php\/wp-json\/wp\/v2\/product_tag?post=1803"}],"curies":[{"name":"wp","href":"https:\/\/api.w.org\/{rel}","templated":true}]}}